5 + (-15 - -9) - -5.
-26
Calculate -7 + (0 - (-8 + -4 + 7)) - 11.
-13
What is the value of (-24 - 0) + (76 - 71)?
-19
What is (-7 - (-9 - 10)) + (-6 - 1)?
5
What is the value of 2 + 15 + 4 + -12?
9
Calculate -2 + 6 + (-3 - (1 + (-23 - -3))).
20
What is the value of -3 + 6 + -18 - -8?
-7
What is 7 + 19 + -9 + -12 + 11 + -1?
15
Evaluate 7 + (-4 - 1) - (2 - -1).
-1
What is the value of 44 - (42 + -7 + -17)?
26
Evaluate 7 + -5 + (-1 + -8 + 8 - -3).
4
What is 0 + (7 - 20) - 0?
-13
(2 + (-3 - 4) - -1) + 3 + 2
1
What is 0 + -6 + 2 + -2 + (3 - 5)?
-8
Calculate 6 - -1 - 6 - (-6 - -16).
-9
What is the value of -38 + 18 + 11 + 22?
13
Calculate -1 + -11 - (3 + (-3 - -15) + -10).
-17
What is the value of (-2 - 7) + -11 + -6 + 20 + -19?
-25
Calculate (1 - -2 - (78 + -77)) + 3 - -2.
7
-1 + -20 + (130 - 121)
-12
Evaluate -1 + -9 + (-6 - -25) - 15.
-6
What is the value of -7 + (4 - (11 + -11 + (-5 - -4)))?
-2
What is the value of 3 + (5 - 6 - -1) + 25 + -15?
13
What is 8 + (-8 - 1) + (22 - (3 - 0))?
18
What is 1 + 1 - (198 + -189) - 1?
-8
Evaluate (-6 - (-12 + 6)) + (-15 - (0 + -3)).
-12
What is the value of 3 + 14 + -17 - (1 - (-13 - -1))?
-13
What is the value of 10 - 26 - ((-7 - 11) + 8)?
-6
Evaluate 7 + -13 + -5 - -1 - -28.
18
Calculate (35 - (17 - 8)) + -26.
0
Evaluate 17 + 7 + -10 - 0.
14
What is the value of -4 + -25 + -20 + 41?
-8
(3 - 7) + -5 + 24 + -6 - 29
-20
Evaluate -25 - ((-11 - -29) + -25).
-18
What is the value of 6 + (9 + -1 + (-13 - -14) - -2)?
17
What is the value of -7 + -2 + 12 + -2 + -13?
-12
What is 32 - (9 + (20 - 1))?
4
What is the value of -18 + -4 + (-2 - -10)?
-14
Calculate 4 - (9 + -18) - 10.
3
316 - 300 - (-11 - (0 + 0))
27
Evaluate (28 - (17 - -16)) + 16.
11
(17 - -13) + 5 + -51
-16
What is -28 + (2 - -1 - (-45 + 36))?
-16
(0 - (17 + -5)) + 1 + 0
-11
What is 4 + -2 - (-4 + 5 + -9 + 8)?
2
What is the value of 0 + -1 + 9 + -10 + (-4 - 0)?
-6
Calculate 10 - 12 - (-2 - 0) - (29 - 24).
-5
Calculate -330 + 310 + (37 - 0).
17
-30 - 1 - (5 - 11 - (-5 - 2))
-32
What is (6 - 2) + (3 - 8 - 10)?
-11
29 + -55 + 7 - -50
31
What is 44 + -51 - (-4 - (4 + -8))?
-7
Calculate -10 - (0 + 59 + -59 + -1 + -4).
-5
What is 4 - (1 + -3 - (-55 - -61))?
12
Calculate 5 - (-3 - ((-8 - (-20 + 8)) + -6)).
6
Calculate -9 + (-20 - -29) - 8.
-8
What is the value of -30 + 7 + 3 + 10?
-10
What is the value of (4 - 3) + (6 - 3) + -46 + 57?
15
What is (-23 - -1) + (-10 - -18) + 6 + 32?
24
Evaluate 1 + 8 + (-23 - -17) - -7.
10
Calculate 0 - (3 + -4 + -7 + 8).
0
What is the value of 8 + -56 + (55 - 34) + 0 + 2?
-25
Calculate 1 + 0 + 4 - (-7 - (27 - 20)).
19
1 - (-4 - 23 - -20 - (-3 + 1))
6
What is the value of 23 - (13 + -4 + (-5 - 1)) - 5?
15
What is (0 - (-33 + 13)) + (1 - 9)?
12
39 + 1 + 53 + -72
21
Evaluate (-1 - 1) + -29 + (-22 - -24).
-29
Evaluate (-382 - -385) + (0 - -12 - -1).
16
Calculate -13 - (0 + (-8 - -1) + -10).
4
What is the value of -3 + 11 + 4 + (-16 - -12) - -5?
13
(-6 - 1) + 6 + 23 + -2 + -3
17
What is the value of 2 - 0 - (-12 + (21 + -9 - -7))?
-5
Evaluate -4 - (4 + (-4 - 10) + 1) - -3.
8
Calculate 5 - (6 + -1 + -3) - (-3 + -5).
11
Evaluate -1 + 1 - (339 + -326).
-13
What is the value of (-1 - -35) + -8 + -16?
10
Calculate 22 + -10 + (-7 - (2 + -5)) - 1.
7
Evaluate 1 - 5 - (-76 + 76).
-4
What is -4 + (10 - -10) - 3?
13
((7 - 13) + 7 - (2 - -6)) + 24
17
6 + -30 + -1 + -4
-29
Calculate -2 - ((-2 - (3 - -1)) + 8 + -2).
-2
Calculate 43 - 3 - (-246 + 287).
-1
8 + 5 + -5 + -1 + (-2 - -2)
7
Calculate 37 + -9 + -36 - (-2 - 35).
29
(3 - (-5 + -5 + 12)) + 0
1
What is (3 - 3) + -3 + -2 + (11 - -1)?
7
Evaluate 56 - (35 - (49 - 42)).
28
Calculate (0 - (-8 - 1)) + (76 - (139 + -65)).
11
What is the value of 7 + (3 - 1) + (-79 - -48)?
-22
4 + (-14 - (4 - 6)) + (3 - 0)
-5
What is the value of -29 + (44 - (-20 + 20))?
15
What is the value of 11 + -6 + -1 - (-2 + -3)?
9
Evaluate -11 + 10 - (-10 + 6 + -4) - -1.
8
Calculate (-2 - -4) + 1 - (7 - (2 - 1)).
-3
Calculate (-7 - 0) + 0 + (13 - 12) + -1.
-7
What is 96 + -114 + 6 + -1 + 2?
-11
-1 + 5 + (-38 - -28)
-6
What is the value of 0 + -11 + (34 - 18) + -14?
-9
Evaluate 3 + 6 + -10 - (-30 + -6 + 6).
29
(-6 - (-4 - (-3 - 4))) + -6
-15
Evaluate -6 + (6 - 1) + 8 + -2.
5
What is the value of 4 + (-3 - 3) + (-3 - -3)?
-2
Evaluate (-1 - (23 + -9)) + 23.
8
Calculate -69 + 65 - (2 + -2 - 0).
-4
Calculate 13 + (-12 + -6 - 0).
-5
What is (-1 - (7 - 5 - -3)) + (1 - -22)?
17
Evaluate -10 + -5 + 8 - 6.
-13
Calculate 11 - (-1 + 4) - (22 - 28).
14
What is the value of (0 + -1 - (24 + -29)) + (0 - -1)?
5
What is 1 + 24 - 21 - -2?
6
Evaluate (8 - (3 - 4)) + -14.
-5
What is 70 + -44 - (2 - -57)?
-33
Calculate -22 + 13 + -4 + -2 + 2 + -4.
-17
Calculate 53 - 39 - (-4 + 6 + -6).
18
What is -1 + (3 + (4 - -2) - (-37 - -27))?
18
What is 6 + (-18 - -5) - -19 - (-1 + -4)?
17
What is (0 - 19) + (-17 - -18 - (-25 + 19))?
-12
Evaluate ((4 - 8) + 5 - -3) + 0.
4
(-17 - (-5 + -22)) + -4
6
What is 0 - 16 - (-76 + 74)?
-14
-11 + 1 - (13 + -7 + -7)
-9
Calculate (-20 - -1) + -5 + 23 - (1 + -21).
19
Evaluate -11 + (-17 + 5 - -5) + 0 + -1.
-19
What is -2 - -3 - -7 - (967 - 971)?
12
What is 17 + (-15 + 4 - -4) + -2?
8
What is the value of -7 - 4 - (-134 - -104)?
19
7 + (-28 + 58 - 22)
15
What is 1 + -1 + (-26 - (2 + -3)) - 10?
-35
Calculate -32 + 1 + -12 + 36.
-7
What is (-18 - (-27 - -13)) + (1 - -9) + 0?
6
What is 1 + -1 + 2 + (-950 - -937)?
-11
Calculate 2 + (-10 - (-12 - -9)) + -5.
-10
Evaluate 1 + 12 + (-113 - -102) - 15.
-13
(1 - -6) + (6 - 12 - (-2 - 2))
5
What is the value of -5 + -9 + (1 + 2 - 3 - -1)?
-13
What is (8 - 10) + 12 + 5?
15
Evaluate 3 + ((-1 - 3) + -12 + 14 - -7).
8
-4 - (-6 + 3 + 5 + (-11 - -3))
2
Calculate -181 + 173 + (0 - (1 + -2)).
-7
5 - 6 - 0 - (6 + -6 - 2)
1
What is -3 + -3 - (-12 + 13)?
-7
Evaluate 22 + -37 + 76 - 37.
24
What is -5 + -3 + 13 - (21 + (-8 - -4))?
-12
Evaluate -4 - 2 - -13 - (9 + -15).
13
-1 - 14 - ((-33 - -36) + (-7 - 1))
-10
Evaluate 0 + 9 + (-5 - (-16 + 18) - -16).
18
Calculate (-15 - 9 - (-5 - -3)) + 1.
-21
(-6 + 17 - -12) + -31
-8
43 + (-69 - (-26 + -7))
7
What is 11 - 21 - -3 - (-5 - -2) - -14?
10
(-10 - -10) + (8 - 9)
-1
(-10 - -1) + (12 - (2 + 19) - 6)
-24
Evaluate -1 + -7 + -7 + 8.
-7
What is the value of 301 + -289 + (-9 - 3)?
0
Calculate (-6 - 28) + -5 - (-13 + 7).
-33
Calculate (3 + -4 - 11) + (-2 - -7).
-7
Evaluate -3 + (-2 - 4) - (5 - -1) - 0.
-15
What is -6 + (1 - (5 - -5) - -1)?
-14
Evaluate 5 + (-3 - (-12 + 3)) + -24.
-13
Calculate 19 - 11 - (-5 + 32).
-19
22 + (-45 - (-31 - -19))
-11
Evaluate (2 - (-13 + 12 + 10)) + -8.
-15
Evaluate -25 - -8 - (-14 - 0) - (0 - -8).
-11
-33 + 48 - (4 - (-3 + 12 + 3))
23
Calculate 16 - (10 + (0 - -8)) - 7.
-9
What is -17 + -12 + (-10 - -1 - -22)?
-16
What is (13 + -10 - 0 - 15) + -2?
-14
Evaluate -8 + -13 - -21 - (-7 - 1).
8
What is -6 + (-13 - (-5 - 17)) + -25 + -2?
-24
Evaluate 6 + 3 + -8 + -1 - -1.
1
What is the value of -202 + 183 - (0 + -16)?
-3
What is 9 - (22 - (-1 + 8) - 10 - -6)?
-2
Evaluate -5 + (7 - 4 - -6) + -5.
-1
Evaluate 27 + 3 + 0 - (-41 - -52).
19
(-3 - 37) + 15 + 26
1
13 - (15 - (12 + 10))
20
Evaluate 18 + (-11 - (-11 + 15)).
3
-2 - -8 - 3 - 7 - -3
-1
Evaluate (-13 - (15 - 30)) + 0.
2
What is the value of (-5 - (-10 + (3 - 6))) + 1?
9
What is -16 + (-14 - (-42 + 13))?
-1
What is -30 + -2 - (104 - 124)?
-12
(4 - 10) + (-11 - -21)
4
What is the value of (0 - -6 - (-89 + 146)) + 14?
-37
What is the value of -1 + 0 - 12 - (-1204 - -1220)?
-29
17 - (-15 - -16 - -12 - -2)
2
What is the value of -3 - ((-13 + 15 - -5) + -2 + 1)?
-9
(-15 - -25) + (7 + 4 - 40)
-19
What is the value of 34 + 17 + -11 - 35?
5
-5 + 0 + -1 + 0 - 6
-12
What is 5 + (-9 - 0) + -6 - (2 - 10)?
-2
What is (1 - -18) + -1 + (-6 - (-3 - -3))?
12
Evaluate 11 - -5 - (-5 - ((-21 - -12) + 11)).
23
-22 + (-5 - ((13 - -3) + -12))
-31
What is the value of (-1 - (5 + -8 - -1 - -4)) + 5?
2
What is 2 + (8 - -13) - 9 - -8?
22
Evaluate -35 + (4 - 3) + 19.
-15
-14 - (0 - ((-6 - -9 - -3) + -2))
-10
What is 9 - 1 - (-62 - (11 - 85))?
-4
28 - 21 - 20 - (0 + -2 + -2)
-9
Calculate 25 + 9 + (3 - 8) + -12.
17
Calculate -31 + 46 + -24 + 4.
-5
What is the value of 3 + 13 + (-98 - -71)?
-11
What is 9 + (-13 - (-7 - -15))?
-12
Evaluate -4 - (-2 + (-3 - 6) + 5).
2
0 - (5 + 13 + -2)
-16
What is the value of 